{"id":13,"date":"2019-03-28T14:20:24","date_gmt":"2019-03-28T14:20:24","guid":{"rendered":"http:\/\/paulalaukamp.de\/?page_id=13"},"modified":"2023-04-17T08:03:59","modified_gmt":"2023-04-17T08:03:59","slug":"phase-1-ab-16-monate","status":"publish","type":"page","link":"http:\/\/paulalaukamp.de\/?page_id=13","title":{"rendered":"Zitronenfalter"},"content":{"rendered":"\n<p class=\"has-medium-font-size\"><strong>F\u00fcr Kinder von 2-3 Jahre &#8211; Mit Bezugsperson <br><\/strong><\/p>\n\n\n\n<p>Selbstwirksam musizieren mit der Mutter\/ dem Vater (der Oma, Tante, Bezugsperson). Singen, tanzen, Klangerfahrungen sammeln, zusammen mit den Bezugspersonen in geborgener, sicherer Atmosph\u00e4re den flow erleben, aus sich heraus kommen, das hier und jetzt genie\u00dfen! In den Stunden gibt es Begr\u00fc\u00dfungslieder, Kniereiter, Bewegungs- und Tanzlieder, Instrumentalspiel, Rhythmus- und Melodieeinheiten, Fingerspiele, Reime, Kuscheln, schaukeln, entspannen und viel Spa\u00df. Die Kinder sammeln ohne Druck vielf\u00e4ltige Erfahrungen, die ihre ganzheitliche Entwicklung positiv f\u00f6rdert. Immer mit einer sch\u00fctzenden Bezugsperson im R\u00fccken. Die Inhalte orientieren sich an den Lebenswelten der Kinder. Dauer einer Einheit ca. 35-40 Minuten.<\/p>\n\n\n\n<p>Wer m\u00f6chte kann Instrumente und Liederhefte bei mir in den Stunden erwerben!<\/p>\n\n\n\n<p><strong>Montags, 16:00 Uhr Ort: ev. Kirche Schnellenbach<\/strong><\/p>\n\n\n\n<p>Ein Einstieg ist jederzeit m\u00f6glich, sofern freie Pl\u00e4tze zur Verf\u00fcgung stehen.<\/p>\n\n\n\n<p><strong>Kontakt: Paula Laukamp, paula@maimucks.de oder 0176-60853616<\/strong> <\/p>\n\n\n\n<figure class=\"wp-block-image size-full is-resized\"><a href=\"https:\/\/wa.me\/4917660853616\"><img loading=\"lazy\" decoding=\"async\" src=\"http:\/\/paulalaukamp.de\/wp-content\/uploads\/2023\/04\/WA-Icon1.png\" alt=\"\" class=\"wp-image-686\" width=\"109\" height=\"91\" srcset=\"http:\/\/paulalaukamp.de\/wp-content\/uploads\/2023\/04\/WA-Icon1.png 940w, http:\/\/paulalaukamp.de\/wp-content\/uploads\/2023\/04\/WA-Icon1-300x251.png 300w, http:\/\/paulalaukamp.de\/wp-content\/uploads\/2023\/04\/WA-Icon1-768x644.png 768w, http:\/\/paulalaukamp.de\/wp-content\/uploads\/2023\/04\/WA-Icon1-840x704.png 840w\" sizes=\"auto, (max-width: 109px) 100vw, 109px\" \/><\/a><\/figure>\n\n\n\n<figure class=\"wp-block-image size-full is-resized\"><a href=\"mailto:paula@maimucks.de\"><img loading=\"lazy\" decoding=\"async\" src=\"http:\/\/paulalaukamp.de\/wp-content\/uploads\/2023\/04\/email-seite.png\" alt=\"\" class=\"wp-image-683\" width=\"107\" height=\"90\" srcset=\"http:\/\/paulalaukamp.de\/wp-content\/uploads\/2023\/04\/email-seite.png 940w, http:\/\/paulalaukamp.de\/wp-content\/uploads\/2023\/04\/email-seite-300x251.png 300w, http:\/\/paulalaukamp.de\/wp-content\/uploads\/2023\/04\/email-seite-768x644.png 768w, http:\/\/paulalaukamp.de\/wp-content\/uploads\/2023\/04\/email-seite-840x704.png 840w\" sizes=\"auto, (max-width: 107px) 100vw, 107px\" \/><\/a><\/figure>\n\n\n\n<p>Klick hier um direkt Kontakt aufzunehmen!<\/p>\n","protected":false},"excerpt":{"rendered":"<p>F\u00fcr Kinder von 2-3 Jahre &#8211; Mit Bezugsperson Selbstwirksam musizieren mit der Mutter\/ dem Vater (der Oma, Tante, Bezugsperson). Singen, tanzen, Klangerfahrungen sammeln, zusammen mit den Bezugspersonen in geborgener, sicherer Atmosph\u00e4re den flow erleben, aus sich heraus kommen, das hier und jetzt genie\u00dfen! In den Stunden gibt es Begr\u00fc\u00dfungslieder, Kniereiter, Bewegungs- und Tanzlieder, Instrumentalspiel, Rhythmus-&hellip;<\/p>\n","protected":false},"author":1,"featured_media":0,"parent":0,"menu_order":0,"comment_status":"closed","ping_status":"closed","template":"","meta":{"footnotes":""},"class_list":["post-13","page","type-page","status-publish","hentry"],"_links":{"self":[{"href":"http:\/\/paulalaukamp.de\/index.php?rest_route=\/wp\/v2\/pages\/13","targetHints":{"allow":["GET"]}}],"collection":[{"href":"http:\/\/paulalaukamp.de\/index.php?rest_route=\/wp\/v2\/pages"}],"about":[{"href":"http:\/\/paulalaukamp.de\/index.php?rest_route=\/wp\/v2\/types\/page"}],"author":[{"embeddable":true,"href":"http:\/\/paulalaukamp.de\/index.php?rest_route=\/wp\/v2\/users\/1"}],"replies":[{"embeddable":true,"href":"http:\/\/paulalaukamp.de\/index.php?rest_route=%2Fwp%2Fv2%2Fcomments&post=13"}],"version-history":[{"count":53,"href":"http:\/\/paulalaukamp.de\/index.php?rest_route=\/wp\/v2\/pages\/13\/revisions"}],"predecessor-version":[{"id":697,"href":"http:\/\/paulalaukamp.de\/index.php?rest_route=\/wp\/v2\/pages\/13\/revisions\/697"}],"wp:attachment":[{"href":"http:\/\/paulalaukamp.de\/index.php?rest_route=%2Fwp%2Fv2%2Fmedia&parent=13"}],"curies":[{"name":"wp","href":"https:\/\/api.w.org\/{rel}","templated":true}]}}